- q + 3 = 0. What is the units digit of f?
2
Let d(x) = -4*x**3 - 4*x**2 - 8*x + 5. Let h(f) = f**3 + f**2 + 2*f - 1. Let i(g) = -2*d(g) - 9*h(g). What is the units digit of i(-2)?
7
Let p = -33 + 63. What is the units digit of p?
0
Let s = 212 - 124. Suppose s = 2*c - 0*c. Suppose a + c = 5*a. What is the tens digit of a?
1
Suppose -5 - 22 = 2*l + i, -l = 5*i + 27. Let s(m) be the first derivative of m**4/4 + 4*m**3 - m**2/2 + 7*m + 1. What is the tens digit of s(l)?
1
Suppose 1 = 4*m - 7. Suppose -g = m*g - 78. What is the tens digit of g?
2
Let d(b) = 2 + 4*b - 4*b + 2 - b. Let w = -1 + -3. What is the units digit of d(w)?
8
Let y = 10 - -1. Let w = y + -8. Suppose 3*p - 5 = 4*p, -t = w*p + 12. What is the units digit of t?
3
Let d(j) = -j**3 + 8*j**2 - 6*j - 5. Suppose r - 3*g - 1 = -g, -2*g - 29 = -5*r. Let z be d(r). Suppose 2*w = -z*w + 32. What is the units digit of w?
8
Suppose a = -2*g - g - 9, 0 = 3*a - 5*g - 29. Suppose 15 = a*j - 3*b, -j - 4*b - 14 = j. Let r(t) = 6*t + 1. What is the units digit of r(j)?
7
Suppose -5*c + 33 + 7 = 0. Let p = c + 4. What is the tens digit of p?
1
Let y = 423 - 222. What is the units digit of y?
1
Let s(h) = -h**3 + 6*h**2 - 4*h + 9. Let x be s(6). Let y = -11 - x. Let o(g) = -g**3 + 3*g**2 + 6*g - 5. What is the units digit of o(y)?
3
Let r = -2 + 7. Suppose 0 = r*g - 42 - 43. What is the units digit of g?
7
Let a(z) = z + 21. What is the units digit of a(-15)?
6
Let u(s) = s**3 + 8*s**2 - 13*s + 4. What is the units digit of u(-9)?
0
Suppose 0 = -4*r + 16 - 4. Suppose -r = -8*u + 5*u. What is the units digit of u?
1
Suppose 2*c - 2*m - 521 = m, 0 = 2*m - 6. What is the tens digit of c?
6
Let i be (2 - (-2 - -3))*1. Let z = i - -21. Suppose 2*x - z = -0*x. What is the tens digit of x?
1
Suppose -2*g - 2*y + 4 = 0, -4*g = -5*y - 10 + 2. Suppose g*p - 40 = -2*p. Suppose -p = -2*k - 4*x, 4*k = -x + 30 - 3. What is the units digit of k?
7
Let u = -4 - -6. Suppose 3 = u*d + 1. What is the units digit of d?
1
What is the tens digit of ((-14)/(-8))/((-638)/160 - -4)?
4
Suppose -4*h + 3*h = -3*f + 172, -h - 54 = -f. What is the tens digit of f?
5
Let h(t) = t**3 + 5*t**2 + 4*t - 1. Let p be (-2)/(-4) + (-5)/(-2). Let b be 48/(-18) + (-1)/p. What is the units digit of h(b)?
5
Let n be (6/7)/(8/56). Let c(h) = -h**2 + 10*h - 3. Let a be c(n). What is the units digit of (-26)/(-7) - (-6)/a?
4
Let v = 25 - 17. What is the units digit of (-2)/(-8) + 118/v?
5
Let k(q) = -q**2 + 11*q + 2. Let m be k(5). Suppose -4*y = m - 116. What is the units digit of y?
1
Let y(k) = k - 6*k**3 + 5*k**2 + k**3 + 4*k**3 - 1. Let t be y(5). Let r(w) = w**2 - 3*w. What is the units digit of r(t)?
4
Let h(k) = 3*k**2 - 28*k - 7. What is the tens digit of h(-7)?
3
Let p(t) = -t**3 - 8*t**2 + t + 10. Let o be p(-8). Suppose -35 = -o*a + 5. What is the tens digit of a?
2
Suppose f = -5*w - 0 + 11, -w = -2*f. What is the units digit of f?
1
Let u be 4/3*(-12)/8. Let j = u - -4. What is the units digit of j?
2
Let b(m) = 4*m + 2. What is the units digit of b(4)?
8
Suppose 0 = 3*s - 60 - 33. What is the tens digit of s?
3
Suppose -32 - 6 = -2*n. What is the tens digit of n?
1
Let r = 39 + 20. Let b = r + -17. What is the units digit of b?
2
Let t(a) = a**3 - 2*a**2 + 2*a - 5. Let c(r) = r - 12. Let u be c(16). What is the tens digit of t(u)?
3
Suppose -6*f = -3*f + 3, -2*v + 5 = -3*f. Let q be (0 - -3) + v + 0. Suppose -2 = q*o - 46. What is the tens digit of o?
1
Suppose -2*f - 72 = -3*a - 2*a, 3*f - 92 = -5*a. Let c = a - 5. What is the units digit of c?
1
Suppose -2078 + 241 = -11*s. What is the hundreds digit of s?
1
Let t be (-16)/(-12)*(-9)/(-6). Suppose -5*q - t*d = 92, 5*q - d + 86 = 3*d. What is the units digit of ((-3)/2)/(3/q)?
9
Let v = 15 - 11. Let k = -6 + v. What is the units digit of -2*(-11)/(-4)*k?
1
Let u = 44 - 31. Suppose 2*t - 5*p = -2*t - u, -4*p + 14 = -2*t. Suppose 1 = v + 3*q, 3*q - 13 = -t*v - v. What is the units digit of v?
4
Suppose w = 2*w - 2. Suppose 0*y - 4*n - 40 = -w*y, 2*n = 8. Suppose 0 = 3*j + r - 22, -r + y = 5*j - j. What is the units digit of j?
6
Let s(a) = -2*a**2 + 4. Let l(b) = 5*b**2 + b - 9. Let h(c) = 3*l(c) + 7*s(c). What is the units digit of h(-5)?
1
Suppose -276 = -12*i + 8*i. What is the units digit of i?
9
Suppose 3*c = 0, 3*o + 0*o - 4*c = 27. Let v(b) = b - 6. Let d be v(o). Let t = 4 - d. What is the units digit of t?
1
What is the hundreds digit of ((-40)/(-30))/((-2)/(-276))?
1
Suppose 42*s + 119 = 43*s. What is the units digit of s?
9
Suppose -5 + 1 = -2*g. What is the units digit of (g/6)/((-1)/(-18))?
6
Suppose 119 + 125 = 4*p. What is the units digit of p?
1
Let t be 4/(-2) + 1 + -1. What is the units digit of 1*(13 - (3 + t))?
2
Let p = -1 + -1. Let b be p/5*(-10 + 0). Let h = b - -5. What is the units digit of h?
9
Suppose 7*g = 2*g + 15. What is the units digit of g?
3
Suppose -4*v + 5 + 1 = j, 8 = -v - 5*j. Let f(p) = 5 - v*p + p + 6. What is the units digit of f(0)?
1
Let h(p) = 3*p**3 + 15*p**2 + 12*p - 19. Let m(r) = -16*r**3 - 76*r**2 - 61*r + 96. Let s(u) = 11*h(u) + 2*m(u). What is the units digit of s(-12)?
7
Let i(j) be the second derivative of -j**3/6 - j**2 - 2*j. Let b be i(-2). Let t(c) = c**2 + c + 3. What is the units digit of t(b)?
3
Let y be (25/20)/((-1)/12). Let w be 5/y - (-22)/(-6). What is the units digit of 5/((-10)/w) - -3?
5
Let z(b) = 2*b - 6. Let t be z(5). Suppose 0 = 3*f - 14 - t. Let j = 9 - f. What is the units digit of j?
3
Let q = -11 - -14. Suppose 4*y - 36 = q*y. What is the tens digit of y?
3
Let n be -2*(2 + -2 - 1). Suppose -z = -4*c + 2*z + 50, -n*z + 51 = 5*c. What is the units digit of c?
1
Suppose 3*w - 8 = -w. Suppose -w*u + 3*u = 12. What is the tens digit of u?
1
Let s(z) = 109*z**2 + 2*z - 2. What is the tens digit of s(1)?
0
Let c(t) = t**2 - 6*t + 6. Let i(f) = f + 1. Let q(s) = -6*s - 6. Let y(h) = 14*i(h) + 2*q(h). Let n be y(2). What is the units digit of c(n)?
6
Let v(b) be the second derivative of 2*b + 0 + 0*b**4 - 1/20*b**5 + 7*b**2 + 1/6*b**3. What is the units digit of v(0)?
4
Let y(n) = -7*n + 1. Let v be (-12)/(-8)*4/(-6). What is the units digit of y(v)?
8
Suppose 187 = q + 2*b, 2*q = 4*b - 2*b + 398. What is the tens digit of q?
9
Suppose 5*i = 4*u + 277, -5*u - 71 = -5*i + 204. What is the units digit of i?
7
Let k(o) = -o + o**2 + 3*o**2 - 4 - 3*o**2. What is the tens digit of k(-4)?
1
Let w = 6 - 1. What is the units digit of w?
5
Suppose 3*d + 1 = 2*a + 13, -17 = -d + 5*a. What is the units digit of d/5 + 48/5?
0
Let l(r) = 2*r - 2. Let z be 9 - 2*(-3)/6. Suppose o = 3*o - z. What is the units digit of l(o)?
8
Suppose -3*g + 5*v = -59, -2*g - v = -0*g - 61. What is the units digit of g?
8
Let f(o) = -7*o - 4. Let y be f(-4). Let u = 17 - y. Let m = 10 - u. What is the units digit of m?
7
Let a = -5 - -11. Suppose x - a = -x. Suppose -x*i + 5 + 4 = 0. What is the units digit of i?
3
Let k be -2*(-9 - (-3 + 2)). Let o = k - 8. What is the units digit of o?
8
Let w(u) = -u**2 - 10*u - 12. Let p be w(-8). Suppose -26 = -p*x + 38. What is the units digit of x?
6
Let a(t) = t**2 + 13*t + 11. What is the units digit of a(-13)?
1
Let l(z) = -z**2 - 13*z - 15. Suppose -10 = n - 0*n. Let w be l(n). Let j = w - 9. What is the units digit of j?
6
Let v be 814/(-30) - (-2)/15. What is the units digit of (6/(-9))/(6/v)?
3
Suppose 4*b = 9*b - 20. Suppose b*i + 3*m = -7, 4*i - 11 = i + m. Suppose 32 = i*u + 8. What is the tens digit of u?
1
Let i(g) = -20*g - 19. What is the tens digit of i(-4)?
6
Suppose -5*r - 7 - 23 = 0. Let b(x) = x**2 + 6*x + 3. Let p be b(r). Suppose p*d - 2 = 2*d. What is the units digit of d?
2
What is the units digit of (-49)/(-3) + (-4)/(-6)?
7
Suppose -5*b + 2*b + 441 = 0. What is the hundreds digit of b?
1
Let o = 16 + -19. Let t(k) = 13*k**3 + 6*k**2 - 3*k + 9. Let p(l) = 7*l**3 + 3*l**2 - 2*l + 5. Let s(f) = 11*p(f) - 6*t(f). What is the tens digit of s(o)?
1
Suppose 6*p - 946 = -238. What is the tens digit of p?
1
Suppose 2*a = 5*a. Suppose -3*d + 5*d + 3*j = 14, a = 4*j - 8. What is the units digit of d + -1 + -2 + 2?
3
Let k = -7 - -12. Let c = k + 7. Suppose 36 = 4*a - c. What is the units digit of a?
2
Let l = 15 + -7. Suppose 35 = o + l. What is the units digit of o?
7
Suppose -5*h 